divisor of 12692 and 418.
38
What is the highest common divisor of 1404 and 17523?
27
Calculate the greatest common factor of 300 and 83300.
100
What is the greatest common divisor of 133195 and 9605?
85
Calculate the greatest common factor of 186390 and 2090.
190
What is the greatest common factor of 2403 and 25?
1
What is the highest common divisor of 275240 and 245?
35
What is the highest common factor of 1856904 and 336?
168
What is the greatest common divisor of 494 and 4294?
38
Calculate the highest common factor of 2120 and 648190.
530
Calculate the highest common divisor of 27612 and 27.
9
What is the highest common factor of 16159 and 429?
143
What is the greatest common divisor of 143 and 272558?
143
Calculate the greatest common divisor of 1818 and 3030.
606
What is the greatest common divisor of 333619 and 2717?
143
What is the greatest common factor of 280 and 55832?
56
What is the highest common factor of 646 and 119092?
38
What is the greatest common factor of 114300 and 1500?
300
Calculate the highest common factor of 6340761 and 7385.
1477
What is the highest common factor of 672 and 7540848?
336
What is the highest common factor of 20 and 399220?
20
What is the highest common divisor of 17006 and 275?
11
What is the greatest common divisor of 895 and 1983857?
179
What is the highest common divisor of 1376 and 6976?
32
What is the highest common factor of 4475 and 57459?
179
Calculate the greatest common factor of 8755 and 1030.
515
Calculate the highest common divisor of 290 and 382510.
290
Calculate the highest common divisor of 38 and 68913.
19
What is the highest common divisor of 2238 and 9828177?
1119
Calculate the greatest common factor of 311920 and 5712.
112
What is the highest common factor of 11835 and 315?
45
Calculate the highest common divisor of 2740 and 46032.
548
What is the greatest common factor of 58597 and 7469?
77
Calculate the greatest common factor of 714189 and 9101.
479
What is the greatest common divisor of 26 and 33137?
13
Calculate the greatest common divisor of 382272 and 462.
66
Calculate the highest common divisor of 1550097 and 243.
243
Calculate the greatest common divisor of 2847 and 94380.
39
What is the highest common factor of 3724 and 3668?
28
What is the greatest common factor of 259160 and 24?
8
Calculate the greatest common divisor of 87 and 132.
3
Calculate the highest common divisor of 21250 and 137700.
850
Calculate the greatest common factor of 1145 and 1165.
5
What is the greatest common divisor of 19826 and 5290?
46
Calculate the greatest common factor of 41754 and 6.
6
Calculate the highest common divisor of 26 and 521131.
13
Calculate the greatest common factor of 27768 and 4680.
312
Calculate the highest common divisor of 135 and 2823.
3
What is the greatest common factor of 50 and 7155?
5
What is the greatest common factor of 1417235 and 40?
5
What is the highest common divisor of 6625820 and 976?
244
What is the greatest common divisor of 786 and 247328?
262
Calculate the highest common divisor of 343662 and 3429.
381
What is the greatest common factor of 14225932 and 61?
61
Calculate the highest common divisor of 2151 and 6214.
239
Calculate the highest common divisor of 54 and 5159403.
27
What is the greatest common divisor of 340 and 7718?
34
What is the highest common divisor of 764 and 63412?
764
Calculate the greatest common divisor of 260 and 80119.
13
What is the greatest common factor of 121362 and 4746?
678
Calculate the greatest common divisor of 1926096 and 48.
48
Calculate the highest common factor of 295653 and 30487.
709
Calculate the greatest common divisor of 96 and 259632.
48
Calculate the highest common factor of 5753 and 11.
11
Calculate the greatest common factor of 15293 and 7087.
373
What is the greatest common divisor of 671188 and 7?
7
Calculate the greatest common divisor of 608280 and 20.
20
Calculate the greatest common divisor of 2745675 and 50.
25
Calculate the greatest common divisor of 132 and 32142.
66
Calculate the highest common divisor of 1710 and 4545.
45
Calculate the greatest common factor of 510 and 37859.
17
Calculate the greatest common factor of 482014 and 39.
13
What is the highest common factor of 6 and 11444118?
6
What is the highest common factor of 23 and 44459?
23
What is the greatest common factor of 71576 and 82468?
1556
Calculate the highest common factor of 1154 and 14.
2
What is the highest common divisor of 78 and 347148?
6
Calculate the highest common divisor of 2197 and 104.
13
What is the highest common divisor of 214 and 51574?
214
What is the greatest common factor of 27 and 271?
1
What is the greatest common factor of 50050 and 22?
22
What is the highest common factor of 32751 and 405?
27
Calculate the highest common factor of 66 and 4510.
22
Calculate the greatest common factor of 1776438 and 216.
54
What is the highest common divisor of 1600 and 376?
8
Calculate the highest common factor of 1175252 and 3783.
1261
Calculate the highest common factor of 303069 and 2223.
741
Calculate the highest common divisor of 550 and 22.
22
What is the highest common divisor of 7557 and 1111?
11
What is the highest common factor of 12912 and 80?
16
What is the greatest common divisor of 47 and 15980?
47
What is the highest common divisor of 4688 and 154118?
586
What is the highest common divisor of 2835 and 5184?
81
Calculate the highest common factor of 728 and 24336.
104
What is the highest common factor of 1510 and 794562?
302
What is the greatest common divisor of 465 and 405?
15
Calculate the highest common divisor of 10 and 23195.
5
Calculate the greatest common factor of 11856 and 3268.
76
Calculate the greatest common divisor of 50790 and 21.
3
What is the highest common divisor of 10872 and 792?
72
What is the highest common factor of 69858 and 162?
18
What is the greatest common factor of 420 and 114585?
15
What is the highest common divisor of 703 and 3367?
37
What is the highest common divisor of 5684 and 91532?
196
Calculate the greatest common factor of 36 and 21852.
36
What is the greatest common factor of 153439 and 715?
143
Calculate the greatest common divisor of 190722 and 8778.
798
Calculate the greatest common divisor of 1393 and 21.
7
Calculate the greatest common divisor of 11 and 509377.
11
What is the highest common factor of 11 and 2275504?
11
Calculate the highest common divisor of 1653 and 133429.
29
Calculate the greatest common factor of 144 and 277584.
48
What is the greatest common factor of 410 and 44362?
82
What is the greatest common factor of 991597 and 1798?
899
Calculate the greatest common factor of 152 and 60168.
8
Calculate the greatest common divisor of 17890 and 10.
10
What is the highest common divisor of 60 and 439575?
15
Calculate the greatest common factor of 7721 and 6377.
7
Calculate the greatest common factor of 91 and 297297.
91
What is the highest common divisor of 183 and 1582?
1
What is the greatest common divisor of 35 and 5544?
7
Calculate the highest common divisor of 72002 and 17236.
278
Calculate the highest common factor of 2763 and 45.
9
Calculate the highest common divisor of 2 and 112666.
2
What is the greatest common factor of 30 and 395085?
15
Calculate the greatest common factor of 5224 and 18937.
653
Calculate the highest common factor of 1107 and 5463.
9
What is the highest common divisor of 26864 and 2944?
368
What is the greatest common divisor of 35808 and 15936?
96
Calculate the greatest common divisor of 1506 and 44929.
251
Calculate the greatest common factor of 14696 and 96536.
88
Calculate the greatest common factor of 364 and 23296.
364
Calculate the highest common factor of 1815 and 8680.
5
What is the greatest common factor of 1907948 and 56?
28
Calculate the greatest common divisor of 243 and 1788.
3
What is the highest common factor of 61201 and 2107?
49
Calculate the greatest common divisor of 55 and 758076.
11
What is the greatest common factor of 112 and 300874?
14
What is the greatest common factor of 33 and 943987?
11
What is the highest common factor of 1351668 and 4380?
876
What is the greatest common divisor of 118860 and 5?
5
What is the greatest common factor of 546 and 230048?
182
What is the highest common divisor of 783 and 947691